 = s**3 + 11*s**2 + 24*s - 14. What is u(-6)?
22
Let b(v) = v**2 - v + 1. Give b(2).
3
Let j(s) = -s**2 + 20*s + 26. Determine j(21).
5
Let v(x) = -5*x**2 - 3*x + 1. Give v(2).
-25
Let m(n) = n**3 + 30*n**2 + 30*n + 15. What is m(-29)?
-14
Let m(i) = -2*i**2 - i + 1. Calculate m(4).
-35
Let a(i) = i**3 + 7*i**2 + 6*i - 2. Calculate a(-6).
-2
Let w(y) = y**2 - 13*y - 10. What is w(14)?
4
Let a(f) = 10*f + 513. Give a(-52).
-7
Let x(k) = k**2 - 42*k - 126. Give x(44).
-38
Let j(r) = -r**2 + 2*r. Determine j(4).
-8
Let o(l) = 79*l + 6. What is o(1)?
85
Let a(o) = -36*o**2 + 2. Determine a(1).
-34
Let k(u) = -2*u - 1. Calculate k(3).
-7
Let m(u) = -3*u + 12. Calculate m(8).
-12
Let g(l) = -l**2 - 29*l - 6. Determine g(-29).
-6
Let z(d) = 7*d - 5. What is z(2)?
9
Let d(y) = -y**3 - 34*y**2 - y + 27. Determine d(-34).
61
Let p(v) = -v**3 - 4*v**2 - 3*v + 3. Give p(-4).
15
Let t(a) = -8*a - 34. Determine t(14).
-146
Let k(d) = 2*d**3 - 17*d**2 + 33*d + 8. Give k(4).
-4
Let g(o) = -o**3 - 4*o**2 + 7*o - 1. Calculate g(1).
1
Let h(j) = 11*j + 50. What is h(-4)?
6
Let n(g) = -g**2 + 14*g - 30. Determine n(16).
-62
Let u(h) = -5*h**2 + 3*h. Calculate u(3).
-36
Let r(k) = -2*k + 22. What is r(-11)?
44
Let x(k) = 7*k**2 + 14*k + 10. What is x(-3)?
31
Let j(u) = u**2 + 14*u + 5. Determine j(-14).
5
Let p(u) = u**2 - 13*u - 1. What is p(13)?
-1
Let s(a) = -a - 2. Calculate s(4).
-6
Let n(s) = -s**3 - 5*s**2 + 5*s + 8. Calculate n(-6).
14
Let z(l) = 8*l - 18. Give z(13).
86
Let a(h) = -3*h**3 + 3*h**2 - h - 7. What is a(2)?
-21
Let k(h) = -2*h**3 - 4*h**2 - 3*h - 3. Calculate k(-3).
24
Let g(k) = k**2 - 4*k - 14. Calculate g(7).
7
Let q(t) = 2*t**2 - 3*t - 2. Determine q(-3).
25
Let q(z) = -62*z**3 - 3*z**2 - 3*z - 1. Determine q(-1).
61
Let s(g) = -g**2 - 17*g - 3. Calculate s(-16).
13
Let n(u) = u - 22. What is n(24)?
2
Let v(u) = 9*u - 76. Calculate v(13).
41
Let k(y) = -y**2 + 16*y - 46. Determine k(12).
2
Let y(q) = 2*q**2 + 22*q + 54. Calculate y(-5).
-6
Let h(y) = y**2 - 13. Give h(0).
-13
Let k(z) = -z**2 + 5*z + 5. Give k(7).
-9
Let u(t) = 2*t**2 + 9*t + 2. What is u(-5)?
7
Let l(f) = -9*f + 159. Calculate l(17).
6
Let t(x) = -x**3 + 11*x**2 - x + 15. Determine t(11).
4
Let u(m) = -4*m**2 + 17*m + 62. What is u(7)?
-15
Let x(r) = -r**2 + 19*r + 41. What is x(-2)?
-1
Let b(m) = -m + 6. What is b(10)?
-4
Let z(m) = -2*m - 1. Give z(7).
-15
Let d(j) = j**3 - 6*j**2 - 12*j + 24. What is d(7)?
-11
Let g(m) = -m**3 + 9*m**2 - 8*m + 10. Determine g(8).
10
Let z(t) = -24*t + 41. Calculate z(5).
-79
Let h(u) = 15*u - 64. What is h(7)?
41
Let k(v) = -v**2 + v + 14. What is k(0)?
14
Let d(k) = -2*k**2 + 6. Determine d(2).
-2
Let g(l) = 2*l**3 - 29*l**2 - 18*l + 48. What is g(15)?
3
Let a(q) = 34*q - 229. What is a(8)?
43
Let n(f) = 2*f**2 - 17*f - 15. What is n(9)?
-6
Let c(o) = 10*o - 400. Determine c(40).
0
Let l(u) = 5*u + 49. What is l(-14)?
-21
Let o(g) = -78*g - 99. Calculate o(-2).
57
Let y(a) = 15*a - 14. Calculate y(7).
91
Let q(v) = 3*v**2 + 3*v - 2. What is q(-3)?
16
Let s(t) = 10*t + 14. Calculate s(-4).
-26
Let g(t) = t**3 - 22*t**2 + 20*t + 12. Give g(21).
-9
Let u(j) = j**3 - 9*j**2 - 13*j + 36. Give u(10).
6
Let i(m) = -m**3 - 6*m**2 + 3*m + 17. Calculate i(-7).
45
Let t(y) = y**3 - 9*y**2 - 5*y + 14. Determine t(7).
-119
Let m(k) = 4*k**2 + 9*k. Give m(-5).
55
Let z(y) = -4*y + 2. Determine z(7).
-26
Let y(o) = o**2 - 10*o - 14. Determine y(7).
-35
Let o(d) = -d**2 + 6*d + 8. Give o(8).
-8
Let x(n) = -6*n - 1. Give x(4).
-25
Let m(g) = g**3 - 13*g**2 - 2*g + 17. Give m(13).
-9
Let m(g) = -g**2 - 2*g - 1. Give m(-1).
0
Let m(w) = -8*w - 33. Calculate m(-7).
23
Let u(y) = y**3 - 4*y**2 - 7*y + 8. Determine u(6).
38
Let s(p) = -p**2 - p + 19. Determine s(0).
19
Let r(o) = o**3 - 3*o**2 - 8*o + 14. Give r(4).
-2
Let h(d) = -34*d**3. Determine h(-1).
34
Let u(a) = 21*a**2 - 27*a + 25. Give u(1).
19
Let f(c) = c + 3. Determine f(-11).
-8
Let h(x) = -11*x + 75. Determine h(7).
-2
Let b(m) = -8*m - 55. Give b(-7).
1
Let s(k) = -3*k**2 - 6*k - 8. What is s(-3)?
-17
Let y(k) = -k**2 + 10*k + 21. Determine y(12).
-3
Let g(s) = -s**3 - 5*s**2 + 3. Give g(-5).
3
Let s(w) = -3*w + 17. Give s(9).
-10
Let z(q) = q**3 - 33*q**2 - 36*q + 68. Determine z(34).
0
Let u(y) = -y**2 - 13*y - 10. Determine u(-12).
2
Let n(d) = -2*d**2 + 32*d - 33. Give n(14).
23
Let l(v) = v**3 + 9*v**2 + 30*v + 126. What is l(-7)?
14
Let f(d) = -10*d + 244. Calculate f(24).
4
Let l(i) = 9*i**2 - 5*i - 18. Calculate l(-4).
146
Let w(m) = -m**3 - 11*m**2 + 2*m + 19. Give w(-11).
-3
Let m(j) = j**3 - 6*j**2 + 3*j + 8. What is m(4)?
-12
Let d(x) = -x**3 - x**2 + 7*x - 1. Determine d(-4).
19
Let v(o) = o**3 - 11*o**2 - 24*o - 34. Give v(13).
-8
Let o(w) = -w**3 + 2*w**2 + 2. Determine o(-2).
18
Let f(i) = -i**2 - 13*i + 36. Give f(-15).
6
Let b(f) = 3*f**2 - 85*f - 62. What is b(29)?
-4
Let t(q) = -3*q**3 - 2*q**2 + q + 4. Give t(0).
4
Let f(k) = -8*k**2 - 2*k. Calculate f(1).
-10
Let a(o) = -o**2 - 4*o + 50. What is a(5)?
5
Let p(v) = 6*v + 74. Give p(-10).
14
Let h(p) = -6*p + 6. What is h(-3)?
24
Let x(u) = -u**3 + 8*u**2 + 7*u - 10. Calculate x(9).
-28
Let l(k) = -k**3 - 11*k**2 + 6*k + 223. Give l(-9).
7
Let d(r) = -2*r - 33. Calculate d(-14).
-5
Let j(l) = l**2 - 11*l + 14. What is j(10)?
4
Let k(z) = -2*z**2 + z. Give k(-1).
-3
Let k(z) = -z**3 - z**2 + 15*z + 7. What is k(-4)?
-5
Let p(w) = w**2 - 2*w - 9. Calculate p(5).
6
Let i(p) = -5*p**3 + 2*p**2 - 2*p - 1. What is i(-2)?
51
Let u(y) = -y**2 + y + 28. Give u(0).
28
Let k(b) = b**2 + 5*b - 9. Determine k(-7).
5
Let s(n) = -6*n + 15. What is s(6)?
-21
Let y(p) = 5*p. Calculate y(-6).
-30
Let r(s) = -5*s - 142. What is r(-27)?
-7
Let c(s) = -s**2 - 33*s - 24. Give c(-32).
8
Let b(d) = 3*d - 5. Calculate b(3).
4
Let v(k) = 6*k - 15. Determine v(0).
-15
Let m(z) = 52*z - 212. Give m(4).
-4
Let s(v) = 2*v**2 - 4*v + 7. Calculate s(0).
7
Let o(q) = q**2 - 2*q - 4. Give o(4).
4
Let s(x) = -x**3 + 2*x**2 + 5*x - 1. Calculate s(2).
9
Let y(x) = -144*x**3 - x**2 + 1. Calculate y(-1).
144
Let w(g) = -13*g - 3. Determine w(8).
-107
Let d(o) = o**2 + 12*o + 36. Give d(-9).
9
Let d(n) = 2*n**2 - 22*n + 3. Calculate d(12).
27
Let d(v) = -v**2 + 14*v - 51. What is d(8)?
-3
Let u(f) = -f + 4. Give u(-4).
8
Let w(u) = u**2. What is w(4)?
16
Let k(b) = b**2 + 5*b - 8. What is k(-6)?
-2
Let r(i) = 6*i + 22. What is r(-5)?
-8
Let j(s) = -s**2 + 10*s + 165. Determine j(19).
-6
Let j(l) = l**3 + 9*l**2 + 8*l - 7. What is j(-8)?
-7
Let f(a) = -2*a**2 - 37*a + 39. Determine f(-20).
-21
Let a(m) = m**3 - 4*m**2 - 2*m - 5. What is a(4)?
-13
Let x(d) = -d**3 + 6*d**2 - d - 8. Determine x(5).
12
Let z(u) = -u. What is z(0)?
0
Let s(h) = 17*h + 249. Calculate s(-15).
-6
Let k(a) = -2*a - 9. What is k(-7)?
5
Let y(t) = 19*t + 1. What is y(-1)?
-18
Let b(p) = p**3 + 19*p**2 - p - 29. Give b(-19).
-10
Let j(h) = 6*h + 8. Give j(-7).
-34
Let l(x) = -3*x - 25. Calculate l(-8).
-1
Let k(b) = 4*b - 2. Give k(-9).
-38
Let b(p) = -13*p - 135. What is b(-11)?
8
Let f(t) = t**3 - 22*t**2 - 78*t + 72. Give f(25).
-3
Let k(j) = -40*j + 43. Calculate k(5).
-157
Let r(a) = -24*a - 173. What is r(-8)?
19
Let t(c) = c**3 + 5*c**2 - 4*c + 3. What is t(-6)?
-9
Let t(x) = 20*x**2 + 5*x + 1. What is t(-1)?
16
Let g(l) = l**2 + 7*l - 19. What is g(-11)?
25
Let m(o) = -o**3 + o**2 + 13*o. Determine m(4).
4
Let c(p) = -2*p + 17. Give c(16).
-15
Let r(f) = -3*f**3 + 2*f**2 + 2*f - 2. Determine r(2).
-14
Let v(u) = u**3 - 17*u**2 + 17*u - 12. Determine v(16).
4
Let z(i) = -i - 12. Calculate z(-6).
-6
Let z(o) = o**3. Give z(2).
8
Let r(s) = 68*s - 1349. Give r(20).
11
Let w(x) = -x**2 - 4*x + 62. Determine w(6).
2
Let n(b) = -5*b - 2. What is n(0)?
-2
Let p(w) = w**3 + 13*w**2 + 11*w + 4. Calculate p(-12).
16
Let w(h) = h**2 + 2*h + 7. What is w(-4)?
15
Let l(m) = -m**3 - m**2 - 17. What is l(0)?
-17
Let v(o) = 22*o - 192. What is v(11)?
50
Let z(t) = -t**3 - t**2 + 14*t + 4. Calculate z(-3).
-20
Let a(b) = -b**3 + 3*b**2 - 2*b - 5. Calculate a(-2).
19
Let t(w) = -w**3 - 17*w**2 - 19*w - 49. Give t(-16).
-1
Let c(a) = 5*a - 53. What is c(8)?
-13
Let u(q) = -q + 18. Determine u(4).
14
Let j(x) = x**3 - 2*x**2 - 7*x - 1. Determine j(-2).
-3
Let z(k) = -k**2 - 9*k - 9. Give z(-7).